factors of m?
61
Let a be -36 - (2/11 - (-124)/44). Let k = a - 16. What are the prime factors of (k/(-4))/((-39)/(-12) + -3)?
5, 11
Let d(o) = -o**3 + 42*o**2 + 17*o - 43. List the prime factors of d(20).
11, 827
Let a(t) = 7*t**2 - 6*t - 51. Let p(b) = 6*b**2 - 7*b - 50. Let n(y) = 3*a(y) - 2*p(y). Let v be n(13). Suppose d = 7*d - v. What are the prime factors of d?
2, 59
Let n be (-1 + -93)*(9 + -2)/(-14). Let h be (-30)/105 - (-1 + n/7). Let z(q) = 2*q**2 - 6*q + 5. What are the prime factors of z(h)?
113
Let f(o) = 2*o**3 + 2*o**2 - 5*o - 4. Let m be f(-3). Let x = 29 + m. Suppose -4*h = x*z - 388, 2*z = 3*z + 4*h - 112. List the prime factors of z.
2, 23
Let n be (-7)/35 + (-8561)/(-5). Suppose 4*d = -4*d + n. Let u = -70 + d. List the prime factors of u.
2, 3
Suppose i = -5*t + 1058, -3*i + 7*i = -2*t + 416. Let x(h) = 117*h + 827. Let r be x(-6). Let c = t - r. What are the prime factors of c?
3, 29
Let p be -22 - 1 - (12 + -8). Let a = p + 29. Suppose a*d - 11 = 91. List the prime factors of d.
3, 17
Suppose -3*n + 17956 = n - 7*q, -4*q = 3*n - 13430. List the prime factors of n.
2, 3, 83
Let o = 34 - 31. Let x be ((-35)/10)/(o/(-6)). Suppose -190 = -9*s + x*s. List the prime factors of s.
5, 19
Let d(i) = 3*i**3 - 4*i - 13211 + 13280 + 0*i. List the prime factors of d(5).
2, 53
List the prime factors of (2*(-170)/(-8))/(21/1134).
3, 5, 17
What are the prime factors of 8/16*(1 + (-16483)/(-1))?
2, 13, 317
Let x(o) = 7411*o - 58. List the prime factors of x(1).
3, 19, 43
Let z(q) = 10*q**3 - 18*q**2 - 3*q + 38. Let r be z(10). Suppose -r = -22*c - 2774. List the prime factors of c.
13, 19
Suppose 7*h - 2*h + 400 = 0. Suppose 8*u + 1428 = 468. Let t = h - u. What are the prime factors of t?
2, 5
Let l be (246/(-164))/(37951/(-37952) + 1). List the prime factors of l/(-56) + (-3)/42*-6.
3, 113
Suppose 63*m = 3*q + 59*m + 287, 0 = 5*q - m + 467. Let p be 15*(-2 + (-128)/(-10)). Let x = p + q. List the prime factors of x.
3, 23
Let i = 653 + -688. Let z(x) = 5*x + 11. Let w be z(-8). Let y = w - i. What are the prime factors of y?
2, 3
Suppose 3*x = 4*x + 5*f - 31, 29 = 2*x - f. Let r(n) = -3*n**3 - 4*n**2 - 34*n + 189. Let s be r(7). List the prime factors of (-4)/x + (s/(-8))/1.
3, 53
Suppose -70*n + 335*n - 570280 = 0. What are the prime factors of n?
2, 269
Let i = 18607 - 14599. What are the prime factors of i?
2, 3, 167
Suppose 4*u - o - 2 = 2, o - 12 = -4*u. Suppose -b + 2*w = u, 0 = 2*b + w - 3*w + 6. What are the prime factors of ((-1688)/(-20) - b) + 4/(-10)?
2, 11
Let p(r) = -7*r + 11. Let s be p(6). Let o = 2 + s. Let w = o + 46. List the prime factors of w.
17
Suppose 5*b - 40 = -3*j, 5*j - 2*b + 5 = 4*j. Suppose 2*a + 0*a - 20 = -5*k, -5*k - j*a + 35 = 0. What are the prime factors of k*6/24*406?
7, 29
Let r(i) = 272*i**2 + 211*i - 7. List the prime factors of r(-5).
2, 19, 151
Let w = -30 + 40. Let z(c) = -12 + w*c**2 + 4*c + 9*c**2 + 11 + 12*c**2. List the prime factors of z(-2).
5, 23
Suppose -6290 = -q - 5*v, -112*q + 110*q - 5*v = -12565. What are the prime factors of q?
5, 251
Let b = 6707 - 223. List the prime factors of (-33)/(-99) + (b/6)/1.
23, 47
Let h = 225 - 93. Suppose 2*q + 10 = 0, 0 = 3*g - q - 21 + 4. Suppose -12 = g*x - h. List the prime factors of x.
2, 3, 5
Let j(g) = 24*g**2 - 20*g + 12. Suppose 0 = 3*d + 2*i - 29 - 6, 5*d - 37 = 2*i. What are the prime factors of j(d)?
2, 3, 37
Suppose -8*t = 10*t + 9810. Let b = t + 1158. What are the prime factors of b?
613
Suppose 4*a - 34335 = -5*o, 110*a - o = 113*a - 25776. List the prime factors of a.
3, 5, 191
Let x(f) = -117 + 4*f**3 - 27*f**2 + 6*f**2 - 10*f + 115. List the prime factors of x(9).
1123
Suppose 1052*f - 40 = 1057*f, -5310 = -y + 5*f. List the prime factors of y.
2, 5, 17, 31
Suppose 1 + 15 = 4*q. Let n be 0 + (8 - q) - 2. What are the prime factors of 1 + (n - 3)*-46?
47
What are the prime factors of (14*2/14)/((-4)/(-28544))?
2, 223
Let h be 429/2 + (-96)/(-64). Let g be (-2)/12 + 1034/12. Let p = h - g. What are the prime factors of p?
2, 5, 13
Suppose 2*f - 12 = -2*b, -2*f = 3*b - 6*b - 27. Let a(c) = -c**3 + 10*c**2 - 11*c + 15. Let w be a(f). List the prime factors of (w - -7)*162/8.
3
Let h(z) = 82*z**2 - 202*z + 63. List the prime factors of h(-15).
3, 43, 167
Suppose -y + 1640 = -q - 5805, -4*y + 29812 = 4*q. List the prime factors of y.
3, 13, 191
Suppose 134*v = 135*v + c - 15224, -3*v + 45670 = 2*c. List the prime factors of v.
2, 3, 43, 59
Let y = -173 - -177. Suppose 6*n - 880 = -y*n. What are the prime factors of n?
2, 11
Let p = -12741 - -44099. List the prime factors of p.
2, 15679
Suppose -81 = -2*p - 49. Suppose p*i - 10*i = 1830. List the prime factors of i.
5, 61
Let r(y) = 8*y**3 + 2*y**2 - 4*y - 5. Let h(f) = -37 - 2*f - 4*f + 2*f + 9*f. Let d be h(8). What are the prime factors of r(d)?
7, 31
Let i(t) = -3*t**3 + t**2 - 9*t + 7426. What are the prime factors of i(0)?
2, 47, 79
Suppose -155 = 8*c - 7*c. Let l(z) = -7*z - 222. Let f be l(12). Let y = c - f. List the prime factors of y.
151
Suppose 24*b - 30*b + 1062 = 0. Let g = b + -20. Let s = -42 + g. List the prime factors of s.
5, 23
Let h = -720 - -340. Let o = h - -930. List the prime factors of o.
2, 5, 11
Let x = 87 + 45. Suppose 50 - 311 = -2*z - 5*n, z = -2*n + x. Suppose 2*t = 52 + z. What are the prime factors of t?
5, 19
Suppose 3*l - 31 - 137 = 0. Let p be (l/(-12))/(0 - 2/(-3)). What are the prime factors of (-2)/p - (-850)/14?
61
Let h = 8400 - 2744. List the prime factors of h.
2, 7, 101
Let w = 41 - 45. Let b be (w/(-5))/(1/(-55)). Let a = b + 66. What are the prime factors of a?
2, 11
Suppose -2*s = 5*o - 16, -3*s - 2*o = -5*o - 3. Suppose -2*n - s*m + 1683 = 2*m, -2*n + 1701 = -m. List the prime factors of n.
3, 283
Let t(s) be the third derivative of 1/60*s**5 + 1/12*s**4 - 42*s**2 + 0 - 1/3*s**3 + 0*s + 1/8*s**6. What are the prime factors of t(1)?
2
Let r be (((-2405)/15)/(-13))/((-1)/(-3)). Suppose -13 + 3 = -5*h. Suppose -r - 97 = -h*g. List the prime factors of g.
67
List the prime factors of (-14728)/(-6) - (10/(-12) - 4/8).
2, 307
Let l(o) = -10*o - 109. Let s = 72 + -87. What are the prime factors of l(s)?
41
Let f = -830 - -1023. Suppose -206*t = -f*t - 4654. What are the prime factors of t?
2, 179
Suppose -3*r = n + 2*n + 507, -2*n = 4*r + 330. Let h(q) = q**2 + 254. Let s be h(0). Let t = s + n. What are the prime factors of t?
3
Let i(r) = 4*r + r - 3*r**2 - 101 + 43 + 4*r**2. What are the prime factors of i(10)?
2, 23
Let g = 65308 + -34031. List the prime factors of g.
31277
Let c be 44/11*(-3)/(-4). Suppose 0 = -j + 4*l - 159, -c*j + 3*l - 846 = 2*j. List the prime factors of 6/2 - (-1 + 1 + j).
2, 3, 29
Let h(r) = 342*r + 1393. List the prime factors of h(9).
17, 263
Let m(h) = -386*h + 563. List the prime factors of m(-20).
3, 11, 251
Let u(z) = 2*z + 5*z + z**2 + 0*z + 13. Let n(y) = 273*y - 1930. Let v be n(7). List the prime factors of u(v).
241
Let m be -3 + -7*6/(-2). Let p = m - 15. Suppose -6 = -p*u + 15. What are the prime factors of u?
7
Let o(q) = q + 16. Let f be o(-15). Let c(a) = -12*a + 6. Let s be c(f). What are the prime factors of 3/s*4*477/(-6)?
3, 53
Let a be (1 - -9) + (-1 - -1). Suppose 2*k = 12*k + a. Let f(w) = -56*w + 4. List the prime factors of f(k).
2, 3, 5
Suppose -19*k + 23 = -72. Let z(v) = 209*v - 3. List the prime factors of z(k).
2, 521
Suppose 5*b = -5*f + f + 47, -3*f + 36 = 4*b. Let k(i) = 34*i - 39. Let c be k(f). Suppose -a - c = -d, 3*d - 4*a = -0*a + 700. List the prime factors of d.
2, 29
Suppose -43*a + 695391 = -14*a. What are the prime factors of a?
3, 7993
Suppose 17*d - 127102 - 207176 = -69826. What are the prime factors of d?
2, 3889
Let z = 26 + -26. Let j = 28 + -24. Suppose 0 = -j*x + 3*x + 2*b + 76, z = 2*b + 6. What are the prime factors of x?
2, 5, 7
Suppose r - y - 349 = 645, 4*r - 5*y - 3979 = 0. Let c = r - 656. List the prime factors of c.
5, 67
Suppose -4*n + 13113 = 5*s, -40*n - 4*s = -41*n + 3252. What are the prime factors of n?
2, 409
Let n = -7109 + 12677. List the prime factors of n.
2, 3, 29
Let u(y) = y**2 - y + 1. Let l(q) = q**3 + 10*q**2 - 12*q + 23. Let w(s) = l(s) - 2*u(s). Let o(a) = -a - 17. Let r be o(-8). List the prime factors of w(r).
2, 3, 5
Let u(p) = -